 68. What is the remainder when 47 is divided by s?
15
Let v(n) = -3*n - 11. Let l be v(-9). Let y = l + -3. Calculate the remainder when 50 is divided by y.
11
Suppose -5*v = -3*u - 0 - 75, 2*u + 22 = v. Calculate the remainder when v is divided by 7.
5
Let c(a) = -2*a**2 + 14*a - 3. What is the remainder when 33 is divided by c(6)?
6
Suppose 18*t - 1309 = t. What is the remainder when t is divided by 21?
14
Let x be (-14)/(-8) + (-1)/(-4). Let a = 9 - x. Calculate the remainder when 20 is divided by a.
6
Suppose 0*h = r + 2*h - 31, -4*h - 133 = -3*r. What is the remainder when r is divided by 14?
11
What is the remainder when (9/4)/(-3)*-12 is divided by 57/15 + 2/10?
1
Let h be ((-12)/14)/((-3)/(-21)). Let v = -5 + 14. Calculate the remainder when h/((-3)/8*1) is divided by v.
7
Suppose 2*f - 10 = 4*u, 4*f = 3*f - 1. Calculate the remainder when (-1)/(38/(-12) - u) is divided by 2.
0
What is the remainder when 59 is divided by (-16)/(-2 + (-2)/(-2))?
11
Let w = 2 - -19. Suppose -2*l + 3*u + 22 = 0, -2*l + 3*l - 2*u = 11. What is the remainder when w is divided by l?
10
Suppose -4*r + 204 = -r. Let w = r - 4. Calculate the remainder when w is divided by 22.
20
Let t(n) = n**2 - 8*n + 23. Calculate the remainder when t(11) is divided by 29.
27
Let x(l) = l**3 - l**2 - 3*l - 3. Calculate the remainder when 230 is divided by x(4).
32
Suppose 5*j = 2*j. Suppose -w = -2*k - 1, j*k = -2*k + 3*w - 3. What is the remainder when 22 is divided by (10 - k) + 2/1?
10
Suppose -2*l = 2*t - 2, -t - 2 = t. Suppose l*d + 3*d = 40. Calculate the remainder when 21 is divided by d.
5
Let x = -10 - -9. Let t = x + 3. Suppose -t*y + 0 + 20 = 0. Calculate the remainder when 28 is divided by y.
8
Suppose 6 = 2*u + 4. Let v(i) = 0*i**2 - i**3 - 5*i**2 + 8*i + 4 - 2*i**2 - 3. What is the remainder when u is divided by v(-8)?
0
Let r(d) = -d**2 - 11*d + 3 + 3*d**2 - 4. Calculate the remainder when r(8) is divided by 14.
11
Let l(a) = -a**3 - 6*a**2 - 7*a - 5. Let n = -2 - 3. What is the remainder when 9 is divided by l(n)?
4
Let x = 71 + -47. Let b(n) = -9*n**2 - 8*n - 17. Let f(u) = 5*u**2 + 4*u + 9. Let s(i) = 6*b(i) + 11*f(i). Calculate the remainder when x is divided by s(6).
6
Let n(c) = -1. Let m(d) = 3*d - 5. Let i(f) = m(f) - 3*n(f). Calculate the remainder when 19 is divided by i(3).
5
Let s(p) = 43*p + 4. Calculate the remainder when s(1) is divided by 14.
5
Let v = 17 + -17. Suppose v = -3*j + 5*j - 30. What is the remainder when 41 - -2 - (0 + -1) is divided by j?
14
Let x(d) = 2*d + 41. Calculate the remainder when 49 is divided by x(-14).
10
Suppose -5*k + 90 = 2*d, 4*k = 2*k + 2*d + 22. What is the remainder when 23 is divided by k?
7
Let s = 3 - -1. Let l = s - 1. Let o(x) = x**3 - 2*x**2 + 2*x. Calculate the remainder when 59 is divided by o(l).
14
Suppose 2*c - 5*o - 17 = 0, -5*o - 14 = -2*c - o. Suppose -2*p + 7 = 5*i, i - 5 = 2*p - 6*p. What is the remainder when c is divided by i?
0
Let q = 8 + -5. Let k = -7 + 11. Suppose m = t - 12, -5*m - 18 = 5*t - k*t. What is the remainder when t is divided by q?
1
Suppose -18*g + 2 = -17*g. What is the remainder when -3 + 1 + g + 13 is divided by 5?
3
Let c = -18 + 31. Suppose 6*z + 10 = -5*y + z, -12 = -4*z. Let j = c + y. Calculate the remainder when 29 is divided by j.
5
Let v(l) = 14*l**2 - l + 1. Let a be v(1). Let d = 0 + a. Calculate the remainder when 39 is divided by d.
11
Let h = 3 + 32. Suppose -h = -5*v + 50. Calculate the remainder when v is divided by 9.
8
Suppose 4 - 5 = o. Let j = o - -5. What is the remainder when 10 is divided by j?
2
Suppose 0 = 4*j - 0*w + w - 57, 0 = 2*j + 2*w - 24. What is the remainder when 44 is divided by j?
14
Let f = -3 + 6. Calculate the remainder when 5/(f/(31 - 1)) is divided by 17.
16
Let t = 127 + -98. What is the remainder when t is divided by 5?
4
Let p be 2/(5 - 3) - -3. Suppose -u + 125 = 2*v, p*v + 3*u - 235 = -2*u. Let n(h) = -8*h - 2. Calculate the remainder when v is divided by n(-3).
21
Let b = 24 + -9. Suppose 2*z - 3*f = b, 4*z - 36 = -0*z + 4*f. Calculate the remainder when 45 is divided by z.
9
Let l be 3 + -7 - -5 - -3. Suppose l*w - 21 = 91. What is the remainder when w is divided by 15?
13
Suppose 41 + 79 = 10*q. Calculate the remainder when 23 is divided by q.
11
What is the remainder when 21 is divided by 4 - ((-12)/10)/(27/90)?
5
Suppose -24 = 7*m - 5*m. Let i(f) = -f**3 - 11*f**2 + 12*f + 7. Calculate the remainder when 25 is divided by i(m).
4
What is the remainder when 22 is divided by (84/16 - 4)*8?
2
Suppose -17*v = -18*v + 173. Calculate the remainder when v is divided by 44.
41
Let c = 44 - 42. What is the remainder when 5 is divided by c?
1
Let g(d) = -58*d + 2. What is the remainder when g(-1) is divided by 31?
29
Suppose 4*z = -16, -2*f - 3*f - 2*z + 367 = 0. What is the remainder when f is divided by 19?
18
Suppose 5*n + 3*t - 118 = -t, -5*n + 2*t = -136. What is the remainder when 48 is divided by n?
22
Suppose -z = -0*z + 17. Let c = 34 + z. Calculate the remainder when c is divided by 6.
5
Let z(k) = k**3 + 10*k**2 + 7*k - 11. Let n(r) = -r**2 + 8*r - 9. Let m be n(8). What is the remainder when z(m) is divided by 5?
2
Suppose 5*y = 4*y + 25. Suppose 0 = -b + 11 - 2. What is the remainder when y is divided by b?
7
Let c(s) = 9*s**2 + 17*s - 9. What is the remainder when c(-5) is divided by 33?
32
Let l be (-3)/(-3) - (-15)/(-3). Let r be ((-38)/l)/(2/4). Suppose 5*y + 2*w = 38, -2*y + 4*w - w + r = 0. Calculate the remainder when 21 is divided by y.
5
Let p(b) be the first derivative of 3*b**2 - 4*b + 2. Let h = 15 - 4. Calculate the remainder when p(6) is divided by h.
10
Let d = 104 - 77. Let t = -4 - -9. Suppose -25 - 10 = -t*c. What is the remainder when d is divided by c?
6
What is the remainder when 44 is divided by ((-4)/20*-5)/(1/23)?
21
Suppose -3*b + 22 = -83. Suppose 132 = t + 3*t. Calculate the remainder when t is divided by b/2 - 7/14.
16
Suppose -10*z = -6*z - 8. What is the remainder when 41 is divided by 16 + -3 + -1 + z?
13
Suppose -2*k = -5*s - 57, 2*s = 2*k - 37 - 29. What is the remainder when k is divided by 13?
10
Let k(t) = -2*t**2 - 7*t. Let v be k(-6). Let n be (-162)/v + (-2)/5. Suppose 2*s - s - n = 0. What is the remainder when 9 is divided by s?
4
Let h(f) = -f**3 + 12*f**2 - 14*f + 14. What is the remainder when h(10) is divided by 38?
36
Calculate the remainder when (-4)/(-12) - 565/(-15) - -4 is divided by 14.
0
Let t = 19 - -11. What is the remainder when t is divided by 11?
8
Suppose -4*p = -p - 84. Let z = -1 + -2. Let f(d) = d**3 + 4*d**2 - d - 2. What is the remainder when p is divided by f(z)?
8
Suppose 5 = l - 30. Let r = 26 - 14. What is the remainder when l is divided by r?
11
Suppose 5*s = v + 2, -6*v + v + 4*s + 95 = 0. Let h = -11 + v. Calculate the remainder when 33 is divided by h.
9
Suppose -q + 21 = 4*r, 4*q - 3*r + 8*r - 73 = 0. Calculate the remainder when q is divided by ((-5)/2 - -3)*18.
8
Let f be (-4)/4*(-19 - -2). Let x = f - 10. Let c(h) = -h**2 - h + 19. Calculate the remainder when c(0) is divided by x.
5
Suppose -2*y + 10 = -y. Let c = y + 10. What is the remainder when 58 is divided by c?
18
Suppose 3*i - 3*y - 66 = -i, 3*y = -2*i + 24. What is the remainder when 58 is divided by i?
13
Let f(t) = -t - 15. Let w be f(-7). Let s = -5 - w. What is the remainder when 29 is divided by ((-60)/(-16))/(s/8)?
9
Let q be 40/3 + (-4)/(-6). Let o(d) = -2*d - 7. Let c be o(0). Let b = q - c. Calculate the remainder when 40 is divided by b.
19
Let j = -64 + 89. What is the remainder when 372 is divided by j?
22
Let f(a) = 27*a - 12. Let b(s) = -s**3 - 3*s**2 - 2*s + 4. What is the remainder when b(-4) is divided by f(1)?
13
Suppose -5*o - 2 = 13, 5*q - o = -87. Let z = q + 49. Suppose -48 = -3*v + 5*f, 9 + 6 = -5*f. What is the remainder when z is divided by v?
9
Suppose 10 = 3*k + 2*k. Suppose m - 35 = 4*v - k*v, 3*v = 3*m - 93. What is the remainder when m is divided by 10?
7
Calculate the remainder when 97 is divided by 2*15/(-2)*(-20)/15.
17
Suppose 4*a - 10 + 2 = 0. Let s be (-3 + a)*4*-1. Suppose 3*y - s*n = 40, -3*y + 28 = -y - 3*n. Calculate the remainder when 23 is divided by y.
7
Suppose -36 = -3*f - f. Calculate the remainder when f is divided by 7.
2
Suppose 10 + 1